{"id":82,"date":"2013-03-09T16:13:13","date_gmt":"2013-03-09T15:13:13","guid":{"rendered":"http:\/\/diakonie-rodenbach.de\/?page_id=82"},"modified":"2018-05-20T22:38:01","modified_gmt":"2018-05-20T21:38:01","slug":"kurse","status":"publish","type":"page","link":"http:\/\/diakonie-rodenbach.de\/?page_id=82","title":{"rendered":"Betreuung"},"content":{"rendered":"<p>Durch unsere vielf\u00e4ltigen Betreuungsleistungen bieten wir Ihnen und Ihren Angeh\u00f6rigen zus\u00e4tzliche Lebensqualit\u00e4t &#8211; auch bei Menschen mit Demenz.<\/p>\n<p>&nbsp;<\/p>\n<p>&nbsp;<\/p>\n<p>&nbsp;<\/p>\n","protected":false},"excerpt":{"rendered":"<p>Durch unsere vielf\u00e4ltigen Betreuungsleistungen bieten wir Ihnen und Ihren Angeh\u00f6rigen zus\u00e4tzliche Lebensqualit\u00e4t &#8211; auch bei Menschen mit Demenz. &nbsp; &nbsp; &nbsp;<\/p>\n","protected":false},"author":1,"featured_media":0,"parent":0,"menu_order":0,"comment_status":"closed","ping_status":"closed","template":"","meta":{"footnotes":""},"class_list":["post-82","page","type-page","status-publish","hentry"],"_links":{"self":[{"href":"http:\/\/diakonie-rodenbach.de\/index.php?rest_route=\/wp\/v2\/pages\/82","targetHints":{"allow":["GET"]}}],"collection":[{"href":"http:\/\/diakonie-rodenbach.de\/index.php?rest_route=\/wp\/v2\/pages"}],"about":[{"href":"http:\/\/diakonie-rodenbach.de\/index.php?rest_route=\/wp\/v2\/types\/page"}],"author":[{"embeddable":true,"href":"http:\/\/diakonie-rodenbach.de\/index.php?rest_route=\/wp\/v2\/users\/1"}],"replies":[{"embeddable":true,"href":"http:\/\/diakonie-rodenbach.de\/index.php?rest_route=%2Fwp%2Fv2%2Fcomments&post=82"}],"version-history":[{"count":5,"href":"http:\/\/diakonie-rodenbach.de\/index.php?rest_route=\/wp\/v2\/pages\/82\/revisions"}],"predecessor-version":[{"id":278,"href":"http:\/\/diakonie-rodenbach.de\/index.php?rest_route=\/wp\/v2\/pages\/82\/revisions\/278"}],"wp:attachment":[{"href":"http:\/\/diakonie-rodenbach.de\/index.php?rest_route=%2Fwp%2Fv2%2Fmedia&parent=82"}],"curies":[{"name":"wp","href":"https:\/\/api.w.org\/{rel}","templated":true}]}}