{"id":211,"date":"2016-01-08T13:30:26","date_gmt":"2016-01-08T12:30:26","guid":{"rendered":"http:\/\/diakonie-rodenbach.de\/?page_id=211"},"modified":"2025-07-29T15:55:28","modified_gmt":"2025-07-29T14:55:28","slug":"offene-stellen","status":"publish","type":"page","link":"http:\/\/diakonie-rodenbach.de\/?page_id=211","title":{"rendered":"offene Stellen"},"content":{"rendered":"<p><span style=\"font-family: trebuchet ms, geneva, sans-serif; font-size: 12pt;\">Wir freuen uns \u00fcber Ihr Interesse an der Arbeit in der Diakoniestation Rodenbach<\/span><\/p>\n<p><span style=\"font-family: trebuchet ms, geneva, sans-serif; font-size: 12pt;\">Sie sind <\/span><strong><span style=\"color: #333333; font-family: trebuchet ms, geneva, sans-serif; font-size: 12pt;\">Pflegefachkraft (w\/m\/d)<br \/>\n<\/span><\/strong><\/p>\n<p>haben <strong>Erfahrungen in der Pflege<\/strong> oder<\/p>\n<p>eine <strong>medizinische\/pflegerische Ausbildung<\/strong><\/p>\n<p><span style=\"font-family: trebuchet ms, geneva, sans-serif; font-size: 12pt;\">und m\u00f6chten sich beruflich ver\u00e4ndern<\/span><br \/>\n<span style=\"font-family: trebuchet ms, geneva, sans-serif; font-size: 12pt;\">oder wieder neu in den Beruf einsteigen?<\/span><\/p>\n<p><span style=\"font-family: trebuchet ms, geneva, sans-serif; font-size: 12pt;\">Wir bieten:<\/span><\/p>\n<ul>\n<li><span style=\"font-family: trebuchet ms, geneva, sans-serif; font-size: 12pt;\">ein hoch motiviertes Team<\/span><\/li>\n<li><span style=\"font-family: trebuchet ms, geneva, sans-serif; font-size: 12pt;\">Weiterbildung und Supervision<\/span><\/li>\n<li><span style=\"font-family: trebuchet ms, geneva, sans-serif; font-size: 12pt;\">Verg\u00fctung analog \u00f6ffentlicher Dienst<\/span><\/li>\n<\/ul>\n<p><span style=\"font-family: trebuchet ms, geneva, sans-serif; font-size: 12pt;\">Wir erwarten:<\/span><\/p>\n<ul>\n<li><span style=\"font-family: trebuchet ms, geneva, sans-serif; font-size: 12pt;\">Freude an einer ganzheitlichen Pflege<\/span><\/li>\n<li><span style=\"font-family: trebuchet ms, geneva, sans-serif; font-size: 12pt;\">Bereitschaft Verantwortung zu \u00fcbernehmen<\/span><\/li>\n<li><span style=\"font-family: trebuchet ms, geneva, sans-serif; font-size: 12pt;\">PKW-F\u00fchrerschein<\/span><\/li>\n<\/ul>\n<p><span style=\"font-family: trebuchet ms, geneva, sans-serif; font-size: 12pt;\"><strong>Wir freuen uns \u00fcber eine Bewerbung von Ihnen.<\/strong><\/span><\/p>\n<p><span style=\"font-family: trebuchet ms, geneva, sans-serif; font-size: 12pt;\">Unsere Pflegedienstleitung, Frau H\u00fcttig und Frau Walther-Schreiber, stehen Ihnen gerne f\u00fcr weitere Ausk\u00fcnfte zur Verf\u00fcgung.<\/span><\/p>\n<p><span style=\"font-family: trebuchet ms, geneva, sans-serif; font-size: 12pt;\">Bitte richten Sie Ihre Bewerbung &#8211; gerne auch per eMail &#8211; an:<\/span><\/p>\n<p><span style=\"font-family: trebuchet ms, geneva, sans-serif; font-size: 12pt;\">Diakonie Rodenbach<\/span><br \/>\n<span style=\"font-family: trebuchet ms, geneva, sans-serif; font-size: 12pt;\">In der Gartel 9-11, 63517 Rodenbach<\/span><br \/>\n<span style=\"font-family: trebuchet ms, geneva, sans-serif; font-size: 12pt;\">Tel: (0 61 84) 5 66 18<\/span><br \/>\n<span style=\"font-family: trebuchet ms, geneva, sans-serif; font-size: 12pt;\">diakonie@diakro.de<\/span><\/p>\n","protected":false},"excerpt":{"rendered":"<p>Wir freuen uns \u00fcber Ihr Interesse an der Arbeit in der Diakoniestation Rodenbach Sie sind Pflegefachkraft (w\/m\/d) haben Erfahrungen in der Pflege oder eine medizinische\/pflegerische Ausbildung und m\u00f6chten sich beruflich ver\u00e4ndern oder wieder neu in den Beruf einsteigen? Wir bieten: &hellip;<\/p>\n<p class=\"read-more\"> <a class=\"more-link\" href=\"http:\/\/diakonie-rodenbach.de\/?page_id=211\"> <span class=\"screen-reader-text\">offene Stellen<\/span> Weiterlesen &raquo;<\/a><\/p>\n","protected":false},"author":1,"featured_media":0,"parent":0,"menu_order":0,"comment_status":"closed","ping_status":"closed","template":"","meta":{"footnotes":""},"class_list":["post-211","page","type-page","status-publish","hentry"],"_links":{"self":[{"href":"http:\/\/diakonie-rodenbach.de\/index.php?rest_route=\/wp\/v2\/pages\/211","targetHints":{"allow":["GET"]}}],"collection":[{"href":"http:\/\/diakonie-rodenbach.de\/index.php?rest_route=\/wp\/v2\/pages"}],"about":[{"href":"http:\/\/diakonie-rodenbach.de\/index.php?rest_route=\/wp\/v2\/types\/page"}],"author":[{"embeddable":true,"href":"http:\/\/diakonie-rodenbach.de\/index.php?rest_route=\/wp\/v2\/users\/1"}],"replies":[{"embeddable":true,"href":"http:\/\/diakonie-rodenbach.de\/index.php?rest_route=%2Fwp%2Fv2%2Fcomments&post=211"}],"version-history":[{"count":8,"href":"http:\/\/diakonie-rodenbach.de\/index.php?rest_route=\/wp\/v2\/pages\/211\/revisions"}],"predecessor-version":[{"id":410,"href":"http:\/\/diakonie-rodenbach.de\/index.php?rest_route=\/wp\/v2\/pages\/211\/revisions\/410"}],"wp:attachment":[{"href":"http:\/\/diakonie-rodenbach.de\/index.php?rest_route=%2Fwp%2Fv2%2Fmedia&parent=211"}],"curies":[{"name":"wp","href":"https:\/\/api.w.org\/{rel}","templated":true}]}}

<p><span style="font-family: trebuchet ms, geneva, sans-serif; font-size: 12pt;">Wir freuen uns über Ihr Interesse an der Arbeit in der Diakoniestation Rodenbach</span></p>
<p><span style="font-family: trebuchet ms, geneva, sans-serif; font-size: 12pt;">Sie sind </span><strong><span style="color: #333333; font-family: trebuchet ms, geneva, sans-serif; font-size: 12pt;">Pflegefachkraft (w/m/d)<br />
</span></strong></p>
<p>haben <strong>Erfahrungen in der Pflege</strong> oder</p>
<p>eine <strong>medizinische/pflegerische Ausbildung</strong></p>
<p><span style="font-family: trebuchet ms, geneva, sans-serif; font-size: 12pt;">und möchten sich beruflich verändern</span><br />
<span style="font-family: trebuchet ms, geneva, sans-serif; font-size: 12pt;">oder wieder neu in den Beruf einsteigen?</span></p>
<p><span style="font-family: trebuchet ms, geneva, sans-serif; font-size: 12pt;">Wir bieten:</span></p>
<ul>
<li><span style="font-family: trebuchet ms, geneva, sans-serif; font-size: 12pt;">ein hoch motiviertes Team</span></li>
<li><span style="font-family: trebuchet ms, geneva, sans-serif; font-size: 12pt;">Weiterbildung und Supervision</span></li>
<li><span style="font-family: trebuchet ms, geneva, sans-serif; font-size: 12pt;">Vergütung analog öffentlicher Dienst</span></li>
</ul>
<p><span style="font-family: trebuchet ms, geneva, sans-serif; font-size: 12pt;">Wir erwarten:</span></p>
<ul>
<li><span style="font-family: trebuchet ms, geneva, sans-serif; font-size: 12pt;">Freude an einer ganzheitlichen Pflege</span></li>
<li><span style="font-family: trebuchet ms, geneva, sans-serif; font-size: 12pt;">Bereitschaft Verantwortung zu übernehmen</span></li>
<li><span style="font-family: trebuchet ms, geneva, sans-serif; font-size: 12pt;">PKW-Führerschein</span></li>
</ul>
<p><span style="font-family: trebuchet ms, geneva, sans-serif; font-size: 12pt;"><strong>Wir freuen uns über eine Bewerbung von Ihnen.</strong></span></p>
<p><span style="font-family: trebuchet ms, geneva, sans-serif; font-size: 12pt;">Unsere Pflegedienstleitung, Frau Hüttig und Frau Walther-Schreiber, stehen Ihnen gerne für weitere Auskünfte zur Verfügung.</span></p>
<p><span style="font-family: trebuchet ms, geneva, sans-serif; font-size: 12pt;">Bitte richten Sie Ihre Bewerbung &#8211; gerne auch per eMail &#8211; an:</span></p>
<p><span style="font-family: trebuchet ms, geneva, sans-serif; font-size: 12pt;">Diakonie Rodenbach</span><br />
<span style="font-family: trebuchet ms, geneva, sans-serif; font-size: 12pt;">In der Gartel 9-11, 63517 Rodenbach</span><br />
<span style="font-family: trebuchet ms, geneva, sans-serif; font-size: 12pt;">Tel: (0 61 84) 5 66 18</span><br />
<span style="font-family: trebuchet ms, geneva, sans-serif; font-size: 12pt;">diakonie@diakro.de</span></p>

<p>Wir freuen uns über Ihr Interesse an der Arbeit in der Diakoniestation Rodenbach Sie sind Pflegefachkraft (w/m/d) haben Erfahrungen in der Pflege oder eine medizinische/pflegerische Ausbildung und möchten sich beruflich verändern oder wieder neu in den Beruf einsteigen? Wir bieten: &hellip;</p>
<p class="read-more"> <a class="more-link" href="http://diakonie-rodenbach.de/?page_id=211"> <span class="screen-reader-text">offene Stellen</span> Weiterlesen &raquo;</a></p>
